b + 2. Let f be x(3). Suppose -f*y - 12 = 4*r - 0*y, -5*r = y + 18. Let u(w) = -w - 6 + 0*w**3 - w**3 - 4*w**2 - 2*w. What is u(r)?
6
Let l(x) = 5*x + 2. Let r be 1 - 6*1 - -2. Let b be (56/12)/((-2)/r). Suppose -w + b = -3*z, 4*w + w + 1 = -3*z. Give l(z).
-8
Let t(d) = -d**3 - 2*d + 1. Let v = 3 - 10. Let p(w) = w + 8. Let c be p(v). Calculate t(c).
-2
Let k = 5 + -3. Let w(d) = -4*d + 3. Calculate w(k).
-5
Let r(p) be the third derivative of p**6/720 + p**5/20 - p**4/3 - 6*p**2. Let m(b) be the second derivative of r(b). Give m(-6).
0
Let q(y) = 5*y**2 + y**2 + 6 - y**3 - 2*y**3 - 7*y + 2*y**3. Determine q(5).
-4
Let n = -1 - 6. Let o(q) = -q**2 - 7*q. Calculate o(n).
0
Suppose 3*x - 26 = 4*x. Suppose 52 = 4*p + 2*c, 2*p - 3*c - 26 = -0*p. Let v be (-2)/p - 4/x. Let j(w) = -w**3 - w**2 + w + 4. What is j(v)?
4
Let u(j) = -2*j**2 + j + 1. Let t(w) = -4*w**2 + 3*w + 4. Let f(d) = t(d) - 4*u(d). Calculate f(1).
3
Let s be (-23)/(-5) + (-2)/(-5). Let c(j) = j - 3. Let d be c(s). Let p(o) = -d*o**2 - 2*o**2 + 5*o + 3*o**2. Determine p(5).
0
Let a(q) = -3*q + 4. Let i be 1/(-2) + (-3)/(-6). Suppose -5*d + d + 24 = i. Determine a(d).
-14
Let s(i) = 30*i + 0 - 29*i - 2. Determine s(2).
0
Let o(m) be the first derivative of 2*m**3 + m + 1. Let b(c) = 2*c + 15. Suppose 0 = -0*l - 2*l + 5*w - 36, 3*w = l + 20. Let t be b(l). Give o(t).
7
Let s(k) = -k + 12. Let g(z) = 2. Let c(w) = 4*g(w) - s(w). Suppose -3*v + 3 = -3. Calculate c(v).
-2
Let z(p) = p**2 + p - 8. Let j(d) = 0*d**2 - d**2 - 2 + 11. Let g(n) = 3*j(n) + 4*z(n). What is g(-4)?
-5
Let c(v) = -v**3 + 4*v**2 - 3*v + 1. Let f be c(3). Let j(z) = 4*z + 2. Let m(n) = 9*n + 5. Let p(w) = -7*j(w) + 3*m(w). What is p(f)?
0
Let a(y) = 4*y**3 - 3*y**2 + 2*y - 2. Let b(n) = n**2 + 1. Let q(i) = a(i) + 3*b(i). Give q(-1).
-5
Let a = -80 + 83. Let k(u) be the first derivative of -1 - 3/2*u**2 + 4*u - 1/3*u**a. Calculate k(-3).
4
Let t(k) = -k - 3*k + 0*k + 3 + 3*k**2. Suppose -29 = -16*g + 14*g + 5*n, 3*n + 13 = -g. Give t(g).
7
Suppose -2*i = -i - 6. Let d(f) = f - 4. What is d(i)?
2
Let o(k) = -k**2 - 3*k - 1. Let n be o(-3). Let f = -8 - n. Let h(y) = y**2 + 7*y - 6. What is h(f)?
-6
Let o(g) = -g**2 - 7*g - 5. Let j be o(-5). Let c(l) = l**2 - 6*l + 5. Give c(j).
0
Let y(v) = -1. Let k(x) = -x + 5. Let z(l) = -k(l) - 4*y(l). Give z(6).
5
Let h(k) = -3 - k + 10 + 5 - 2. Give h(0).
10
Let i be 9/3 + 3 + -2. Let d be ((-4)/(-6))/((-4)/(-18)). Suppose i = 2*w - d*w. Let v(c) = -c**3 - 4*c**2 + 1. Calculate v(w).
1
Let h(k) = -4*k**3 - 6*k**2 - 6*k + 5. Suppose 4*p + 10 + 10 = 0. Let c(x) = -4*x**2 - x**3 - 5*x - 2*x**3 + x + 3. Let z(i) = p*h(i) + 7*c(i). Calculate z(3).
-7
Let z(q) = q**3 + 3*q**2 - 1. Let d be z(-2). Let k be (d - 8)*2/(-2). Let v(p) = -p**2 + 5*p - 2. Calculate v(k).
-2
Let z(w) be the third derivative of -7*w**4/12 - 31*w**2. What is z(-1)?
14
Let n(j) = 2*j. Suppose i + 0*i - 2 = 0. Suppose i*q = 7*q - 10. Calculate n(q).
4
Let m(y) = 2*y + 2. Let d = 6 + -3. Let r be (1 - 1 - d)/1. Determine m(r).
-4
Let q = 3 + -9. Let w(j) = 4*j + 3. Let x(d) = 3*d + 3. Let b(g) = q*x(g) + 5*w(g). Determine b(4).
5
Let j(a) = -a**3 + 7*a**2 - 6. Let q = -1 - -1. Suppose q = 3*z + 2*y - 23, 3*z + 2*y - 16 = z. What is j(z)?
-6
Let b(c) = c**3 - 6*c**2 + 4*c + 1. Let g be -4 - (-4 + -4) - -1. What is b(g)?
-4
Let z be 117/(-13)*2/6. Let p(c) = 3*c + 3. Give p(z).
-6
Suppose 3*d = -2*d + 20. Let b(h) be the second derivative of h**2 + 1/6*h**d - 2/3*h**3 - h + 0. Calculate b(2).
2
Let v(t) = -t**3 - 7*t**2 + 4. Let s be v(-7). Let k(l) = -l - 1. Let z(n) = n**2 - 8*n + 4. Let c(r) = -k(r) + z(r). Calculate c(s).
-7
Let v(w) be the second derivative of 1/20*w**5 + w**2 + 0 - 1/3*w**4 + 2*w - 5/6*w**3. What is v(5)?
2
Suppose 4*h = 3*h - 2. Let s be 16/(-8)*(-5)/h. Let z(q) = 5 - 4 + q**2 + 3 + 5*q. What is z(s)?
4
Let b(f) = -f. Let q(k) = 2*k. Let g(d) = -11*b(d) - 6*q(d). Calculate g(-5).
5
Suppose -3*i + 0*i = -33. Let g(l) = l - 3. Let n(x) = -6*x + 16. Let j(b) = i*g(b) + 2*n(b). Determine j(-4).
3
Suppose 2*a + 4*n = -8, 2*a + n = 1 + 6. Let o(v) = -6 - a*v**2 + 5*v - 4*v + 2 + 2 + v**3. Give o(6).
4
Let q(l) be the third derivative of 1/20*l**5 - 1/120*l**6 + 0 + 0*l + 0*l**3 - 1/24*l**4 + 5*l**2. Calculate q(2).
2
Let w(j) = -j**3 + 4*j**2 - j - 1. Let a(x) = -x**2 - 7*x - 7. Let q be a(-5). Determine w(q).
5
Suppose 1 = -t - 4*x, 11*t = 7*t + x + 47. Let i(z) = z**2 - 12*z + 12. Give i(t).
1
Let m be (6/(-12))/(1/(-8)). Let a(y) = -y**2 + 4*y - 2. Determine a(m).
-2
Let n be (2 - 51) + (1 - 1). Let l = n + 34. Let s be -10*(-2 + (-36)/l). Let h(m) = -m - 4. What is h(s)?
0
Suppose 82 = -13*q - 9. Let x(p) = -5*p**2 - 12*p - 6. Let l(u) = 6*u**2 + 13*u + 5. Let s(o) = 4*l(o) + 5*x(o). What is s(q)?
-3
Suppose -5*p + 5*v - v + 7 = 0, 4*p + 10 = -2*v. Let u(h) = 3*h**2 - h. Let w be u(p). Let b(i) = 2*i - 3*i - w + 6. Calculate b(-3).
5
Let f = -774 - -779. Let n(q) be the second derivative of q**6/720 - 7*q**5/120 - q**4/12 - q. Let h(u) be the third derivative of n(u). Calculate h(f).
-2
Let j(m) = -3 + 2*m - 4 + 0*m. Determine j(5).
3
Let n(r) = -7*r**3 - r**2 + 1. Let w be n(-1). Let y(k) = 2*k - w + 3*k**2 + 7 - 3*k. Calculate y(-1).
4
Let m(y) = -3*y**2 - 4*y + 8. Let k(g) = g**2 - g. Let c(x) = -2*k(x) - m(x). Calculate c(-6).
-8
Let v(f) = f**2 - 1. Let n(p) = -7*p - 11. Suppose 17 = 4*t + 41. Let z(m) = 15*m + 23. Let x(w) = t*z(w) - 13*n(w). Let q be x(-6). What is v(q)?
0
Suppose -3*h - 2*b - 12 = 0, 14 = -4*h - b - b. Let a(d) = -5*d + 8*d - 4*d. What is a(h)?
2
Let s(o) be the third derivative of o**6/36 + o**5/120 - o**4/24 - o**3/2 - 2*o**2. Let v(j) be the first derivative of s(j). Calculate v(1).
10
Let o = -91 - -87. Let h(l) = 2*l - 5. Give h(o).
-13
Let n(s) = -2*s**2 - 1 - 38*s + 36*s + 0*s**2. Let i(z) = z. Let f(d) = 4*i(d) + n(d). Determine f(2).
-5
Suppose -3*n + 2 - 11 = 0. Let z(h) = h**3 + 3*h**2 - 3*h - 1. Calculate z(n).
8
Let i be 1 + (7 + -4 - 2). Let v(o) = -o**3 + o + 1. Calculate v(i).
-5
Let a(v) be the first derivative of -1/24*v**4 + 0*v + 1/2*v**3 + 1 - 1/2*v**2. Let f(j) be the second derivative of a(j). Calculate f(2).
1
Let v(m) = -m. Let a(l) = -l**2 - 3*l + 1. Let g(b) = a(b) + 2*v(b). Let p(k) = -k - 2. Let y be p(4). Give g(y).
-5
Let z(m) be the second derivative of m**4/12 + m**3/2 + 6*m. Give z(-3).
0
Let i(b) = 5*b**3 - b + 1. Suppose 2*r = 5*d + 5, 4*d - 4*r = -r - 11. Let g = d - 1. Suppose -12 = 4*o + 4*t + 4, g = -2*o - t - 3. What is i(o)?
5
Let j(m) = -5*m + 9. Let y(w) = 11*w - 19. Suppose 0 = -4*l + 3*l - 9. Let r(q) = l*j(q) - 4*y(q). Calculate r(6).
1
Let i(w) = 13*w + 4. Let r(d) = -14*d - 5. Let t(l) = 6*i(l) + 5*r(l). Let k be t(1). Let n(c) = 5*c**2 - 4 + c**3 - 2*c - k + 4. Determine n(-5).
3
Let l(b) = b**2 - 2. Let q(y) = y**3 + 2*y**2 - 2*y + 3. Let r be q(-3). Suppose -2*v = -5*g - 9, r*v = 4*v + 5*g - 3. Calculate l(v).
2
Suppose 3*p - u = -10, 6*u - 18 = 3*p + 3*u. Let x(j) = -j**3 - 2*j**2 - 1. Determine x(p).
-1
Let t(u) be the first derivative of 5*u**4/4 + u**2/2 + 1. Let p(l) be the second derivative of l**3/6 + 5*l**2/2 + 3*l. Let y be p(-4). Determine t(y).
6
Let n(z) = z**2 + 8*z + 3. Let p = -5 + -1. Give n(p).
-9
Let m(p) = -p**3 + 2*p - 1. Let x(f) be the first derivative of -f**3/3 + 5*f**2/2 + 8*f + 1. Let i be x(6). Suppose 2*l + 0*l - i = 0. Calculate m(l).
0
Suppose -2*i + z - 3*z = 10, 4*i - 12 = 4*z. Let l(g) = 2*g**3 - g**2 - g - 1. Give l(i).
-3
Let m(r) be the third derivative of r**7/840 + r**6/72 + r**5/24 + r**4/4 - r**3/2 + 3*r**2. Let l(i) be the first derivative of m(i). Calculate l(-4).
2
Suppose -4*x + 12 = 4. Let l(p) = -2*p**2 - 2*p + 6*p**2 + p + 2*p**x. Determine l(1).
5
Let s(o) = -o. Let i(u) = -2*u. Let t(y) = i(y) - 4*s(y). Give t(3).
6
Let w(m) = 7*m + 19. Let v(f) = -3*f - 9. Let g(j) = -5*v(j) - 2*w(j). Let q be g(-5). Let s(r) = -2*r**2 - 2. What is s(q)?
-10
Let d(t) = -t**2 - 9*t + 12. Let p be d(-10). Let w(k) = 5*k**2 - p*k**2 - 2 - 2*k - 4*k**2 + k**3. Give w(-2).
-10
Let z(l) = -l**3 + 4*l**2 + 2*l - 6. Let v = 19 + -15. Suppose -2*f - 4 = v*t - 26, -5*f = -5*t + 5. Give z(t).
2
Suppose 3*w - 6*w + 24 = 0. Let x(d) = -6*d + 9*d - w*d - 3 - d**2. Give x(-6).
-9
Let q(z) = z